r of 77 and f?
7
Let q = 99 + -29. What is the greatest common divisor of 175 and q?
35
Suppose 0*k + 4*m = -5*k + 12, 2*k = -4*m. Let q(t) = -t. Let w be q(0). Let r be w - (-1 - -1) - -12. Calculate the highest common factor of r and k.
4
Let f(w) = 2*w**3 - 7*w**2 + 7*w - 11. Let i be f(4). What is the highest common divisor of i and 11?
11
Let r = 0 - -2. What is the highest common divisor of r and 2?
2
Let r = -7 + 9. Let m be (15 - 1)*(r - 1). Let j be (-1)/((-2)/616*2). What is the greatest common divisor of m and j?
14
Suppose 2*y - 4 = -w, 4*w - w - 14 = -4*y. Let g(h) = -h**3 + 7*h**2 + h + 8. Let f be g(w). Calculate the highest common factor of f and 20.
10
Let k(r) = 5*r**2 - 2*r + 4. Let l(q) = 5*q**2 - q + 3. Let m(w) = 3*k(w) - 2*l(w). Let s be m(4). What is the highest common divisor of 14 and s?
14
Suppose -14*w = -3*w - 264. What is the greatest common factor of w and 16?
8
Let l = 10 + -22. Let y = l - -21. Let n be (-54)/(-5)*20/3. What is the highest common factor of y and n?
9
Let n(b) = 4*b**2 - 2*b + 8. Let r be n(5). What is the greatest common divisor of 14 and r?
14
Let h(l) = 15*l**2 - 3*l + 1. Let f be h(2). Let c(g) = g**3 - 8*g**2 - 13*g + 58. Let o be c(9). What is the highest common factor of o and f?
11
Suppose 2*f - 15 = -3. Let n(k) = -3*k - 6. Let h be n(-4). What is the highest common divisor of h and f?
6
Suppose 4*j - 2*j + 4 = 0. Let u = -1 - j. Suppose 3 = 2*a + u. Calculate the highest common factor of a and 7.
1
Suppose -4*l + 25 = 5*i, 0 = -5*i + 1 + 4. Suppose -5*p = -l*c - 35, -p + 3*c + 2*c = 13. What is the greatest common divisor of 4 and p?
4
Let d = 263 + -74. What is the highest common factor of d and 21?
21
Suppose -2 = -44*q + 43*q. Calculate the highest common factor of 38 and q.
2
Suppose -5*v = 2*v - 245. Let w(m) = 2*m + 1. Let p be w(2). Calculate the highest common divisor of v and p.
5
Let g be 50/8 - 4/16. Let a = g - 0. Let d(t) = 15*t**2 + 3*t. Let c be d(-2). What is the highest common divisor of a and c?
6
Suppose -3*b - 3 = 0, 4*o - 4*b = -3*b - 83. Let h = o + -30. Let w = h + 156. Calculate the greatest common factor of w and 15.
15
Suppose v + 2*v - 12 = 3*r, 0 = -3*v - r + 20. Let y = v + 4. Calculate the highest common factor of 10 and y.
10
Let d(p) = -3 - 45*p + 10*p - 2. Let o be d(-4). Let s be (10/6)/(1/9). Calculate the greatest common factor of s and o.
15
Let j(b) = -b**3 + 15*b**2 - 18*b + 3. Let o be j(14). Let l be (-2)/(-1) - o/1. What is the highest common divisor of 5 and l?
5
Let v(i) = i**3 + 3*i**2 + i + 1. Let c be v(-3). Let u be (65 - -5)*c/(-4). Calculate the highest common factor of u and 14.
7
Suppose 0*v - 14 = -2*j - 4*v, 7 = j - v. Calculate the greatest common factor of j and 35.
7
Let k(y) = 2*y**2 - 5*y + 8. Let r be k(-6). Calculate the highest common divisor of r and 10.
10
Let p = 157 + -56. Suppose 2*g = g + 5, -3*d = -g + p. Let m be (-3)/6*1*d. Calculate the greatest common factor of 112 and m.
16
Let f be 2 + 1 - -43*1. Suppose 86 + f = 2*o. Calculate the highest common factor of o and 22.
22
Let o = 55 + -52. Calculate the highest common factor of 24 and o.
3
Let w(f) = -f**2 - 7*f + 9. Suppose 0 = -t + 4*t - 15, -p - 17 = -2*t. Let y be w(p). What is the highest common factor of y and 45?
9
Let x(y) = 2*y + 3. Let o be x(-3). Let w be o - (-5 - (3 + -3)). Calculate the highest common factor of w and 1.
1
Suppose 3*x + 5*j = 44, -4*x - 2*j + 5*j = -107. What is the highest common factor of 23 and x?
23
Let z(f) = 6*f**2 + 5*f + 4. Let d be z(-1). What is the greatest common factor of 65 and d?
5
Suppose -2*x = x - 9, 3*a = -5*x + 183. What is the greatest common factor of a and 8?
8
Suppose -3*p = 3*i - 12, 4*i + 16 = -0*p + 4*p. Suppose p*t = t + 51. Suppose r - v - 8 = 0, 0*r + 4*r = v + t. What is the highest common factor of 12 and r?
3
Suppose 2*d = 5*u - 251, 3*u + 2*d - 178 = -37. Calculate the highest common divisor of 7 and u.
7
Let i be 2/(-6) + (-8)/3. Let j be (-1)/(-3) + (-388)/12. Let n be 6/(-9) + j/i. Calculate the highest common factor of n and 50.
10
Let d = 16 + -15. Calculate the greatest common factor of 5 and d.
1
Suppose -12 + 32 = 5*w. Suppose -2*u + 2*s = w*s - 8, -s + 1 = -2*u. Suppose -2*h + 4 = 2*h. What is the highest common divisor of u and h?
1
Suppose -3*k + 90 = 3*o, -2*o + 3 = -o. Calculate the highest common factor of 9 and k.
9
Suppose -6*z + z - 2*p = -44, -4*z - 5*p = -25. Calculate the highest common divisor of 170 and z.
10
Let t(z) = -z - 8. Let l(j) = j + 1. Let c be l(-9). Let o be t(c). Let r = 3 - o. Calculate the greatest common divisor of r and 12.
3
Let d = 134 - 69. Suppose 0 = 3*f, -3*v - f + d = 2*v. What is the highest common divisor of v and 143?
13
Let v be (-272)/(-17)*1/1. What is the greatest common divisor of v and 8?
8
Let y(t) = t + 9. Let g(m) = 5*m + 18 - m + 10. Let i(k) = -2*g(k) + 7*y(k). Let b be i(-7). Calculate the greatest common factor of b and 56.
14
Let l(v) = v + 3. Let w(z) = 9*z**3 - z**2 - z + 1. Let g be w(1). Let o be l(g). Suppose -45 - o = -2*y. What is the highest common factor of 7 and y?
7
Suppose 5*b = t - 23 - 27, 2*b = -5*t + 223. Calculate the greatest common divisor of t and 9.
9
Let r(x) = 2*x - 1. Let l be r(3). Let j = l - 2. Suppose j*f = 5*f + 4*k - 2, -5*f - 5*k + 10 = 0. Calculate the highest common factor of f and 33.
3
Let m(y) be the third derivative of -7*y**4/24 + 2*y**2. Let b be m(-5). Let o = b - 19. Calculate the highest common factor of 40 and o.
8
Let o(y) = y**2 - 5*y + 6. Let b be o(4). Suppose -b*k + 3*k - 4 = 0. Calculate the highest common factor of k and 20.
4
Let m be (3 + -4)*134/(-2). Let j = m - 27. What is the highest common factor of j and 8?
8
Let r(w) be the second derivative of -w**5/20 - w**4/4 + w**3 - w**2 - 3*w. Let y be r(-5). Calculate the highest common factor of y and 18.
18
Suppose 5*s - 390 = -5*s. What is the highest common factor of s and 13?
13
Suppose -2*d + 3*d + 13 = 0. Let n = -8 - d. Suppose q = h + 3 + 3, -2*h - 14 = -3*q. What is the highest common factor of q and n?
1
Suppose 2*p = -3*p + 45. Suppose f + 2 - p = -2*g, -5*f + 27 = 2*g. Suppose 69 = f*v - 1. Calculate the greatest common divisor of 112 and v.
14
Suppose 5*l + 10 - 40 = 0. Suppose f - l*f = -5. What is the greatest common divisor of f and 2?
1
Let p = -1 + -1. Let x = p - -5. What is the greatest common divisor of x and 3?
3
Let m = -197 + 295. Suppose -2*o + m = 2*p, -2*p + 8*o + 104 = 4*o. Calculate the greatest common factor of p and 20.
10
Let w be 4/((-606)/1260 - (-1)/2). What is the greatest common factor of w and 30?
30
Let n = -10 - -28. Calculate the greatest common factor of n and 18.
18
Suppose 2*a + 8 = 0, 4*q - 3*q - 3*a = 29. What is the highest common divisor of q and 136?
17
Let j(z) = z + 1. Let w(c) = 5*c - 1. Let o be w(2). Let r be j(o). Calculate the greatest common factor of r and 70.
10
Suppose 1 + 9 = 2*l. Suppose 0 = -3*m + 2*m + 2. Let f(s) = 21*s - 2. Let h be f(m). Calculate the highest common factor of h and l.
5
Let t be (1 + 3)*(-2)/(-4). Let j be t/10 + 78/10. Let p(c) = 23*c - 4. Let d be p(4). What is the highest common factor of j and d?
8
Suppose -3*l + 366 = 5*g, 3*g = g - 2*l + 148. Let o = -34 - -52. What is the greatest common factor of g and o?
18
Let c(t) = -9*t + 7. Suppose -2 = -u - 2*i + 5, u - i - 10 = 0. Let o = u + -16. Let d be c(o). Calculate the highest common factor of d and 28.
14
Suppose -2*k = 7 - 57. Suppose 0 = 2*n - k - 15. Calculate the highest common divisor of n and 4.
4
Suppose -v - 60 = -4*v. What is the greatest common divisor of v and 140?
20
Let d = -17 - -18. Calculate the greatest common factor of d and 1.
1
Suppose -5*d + 10 = -110. Calculate the highest common factor of d and 36.
12
Suppose v - 109 = 17. Calculate the highest common factor of 14 and v.
14
Let z = 157 - 87. Suppose -3*g - 4*y + 251 = z, -16 = -4*y. Suppose -57 = -5*l - 2. Calculate the highest common factor of l and g.
11
Let w = 223 + -91. Calculate the highest common factor of w and 12.
12
Suppose 2 + 3 = 2*f - m, f - 4*m - 20 = 0. Suppose 2*i = -f*i + 32. Let u = 4 - -4. What is the greatest common divisor of u and i?
8
Suppose -5*o - 3*f + 123 = 0, 3*o + 0*f = 4*f + 97. Calculate the hig